ommon divisor of u and 99?
11
Let c(w) = -w**2 + 14*w - 10. Let l be c(12). Calculate the greatest common divisor of l and 21.
7
Suppose -3*r = -4*u - 6, 3*r - 2*r + 9 = 5*u. Suppose 64 = r*v - 2*v. What is the highest common divisor of v and 2?
2
Let m(c) = -c**2 + 5*c + 3. Let a be m(5). Suppose 4*y - y - 9 = 0. What is the greatest common divisor of y and a?
3
Suppose -5*y + 34 = 3*u, 2*y = 2*u - 12 - 16. What is the greatest common divisor of 78 and u?
13
Let k(a) = -a**2 + 65. Let x be k(0). Let n = -230 + 243. Calculate the greatest common divisor of n and x.
13
Let t(a) = -2*a + 7. Suppose 5*s + 18 = -2. Let m be t(s). What is the highest common divisor of m and 60?
15
Let j(f) = -6*f**3 - 3*f**2 - f - 2. Let a be j(-2). Let d be 0/(7/(21/6)). Suppose d = 4*b - 44 - 52. Calculate the greatest common divisor of a and b.
12
Let d(f) = -5*f - 10. Let w be d(-20). What is the greatest common factor of w and 54?
18
Let o be (1/(-2))/((-1)/2). Let k be (1 + 0/o)*5. Suppose 2*i - 31 = -5*a, k*a + 25 = 5*i - 0*a. Calculate the greatest common factor of 56 and i.
8
Suppose 0 = -b - 4*u + 39 + 17, -61 = -b - 5*u. What is the highest common divisor of 6 and b?
6
Let o(n) = -n**3 + 5*n**2 - 4*n + 2. Let h be o(4). Suppose h*v + 228 = 5*v - t, -2*v - t + 152 = 0. Calculate the greatest common divisor of v and 19.
19
Let b = 11 + -11. Let o be (2/4)/(3/48). Let s = b + o. What is the greatest common divisor of 16 and s?
8
Let s = 13 - 8. Suppose w = -s*a - 4*w + 40, 3*a + 4*w - 24 = 0. What is the highest common divisor of a and 4?
4
Let z(q) = -6*q**3 + q**2 - 4. Let j be z(-2). Calculate the greatest common divisor of j and 6.
6
Suppose 2*f - 4 = -2. Let h be f*2*15/6. Suppose -3*o + h*o = 286. Calculate the highest common divisor of o and 13.
13
Let v be 2/(6/105*(-2 - -7)). What is the greatest common factor of 7 and v?
7
Let j(f) = -8 + 1 + 2*f - f. Let b be j(7). Let i be (60 + b)*3/2. Calculate the greatest common factor of i and 10.
10
Let p(s) = -s + 4. Let i be p(3). What is the highest common factor of 1 and i?
1
Suppose -2*v - 5*b + 37 = 0, -3*v - 2*b + 3 + 25 = 0. Suppose 0 = -5*g - v + 21. Suppose -x - 36 = -g*x. What is the greatest common divisor of 90 and x?
18
Suppose -3*v = -m - 2*m + 9, 4*v + 3*m = 16. Suppose 4*p = -0*p + 2*a + 38, 0 = -5*p + a + 43. Calculate the highest common factor of p and v.
1
Let c be 1*(-3)/(9/(-3)). Let q be (((-110)/c)/1)/(-1). Calculate the greatest common divisor of q and 10.
10
Let h be (-5)/(-1)*2 + (10 - 14). What is the greatest common divisor of 54 and h?
6
Let y = -4 + 9. Suppose 0*q + 35 = y*q. Suppose 0 = 4*c - q - 13. What is the greatest common factor of 45 and c?
5
Let l(a) = 13*a + 9. Let q be l(9). Let v(r) = -r**3 + 10*r**2 + 14. Let o be v(10). Calculate the highest common divisor of q and o.
14
Suppose 3*f - 12 = 21. Let u = -507 - -518. What is the highest common factor of f and u?
11
Suppose 6*q = 5*q + 5. Calculate the highest common factor of 30 and q.
5
Let a(r) = -r**2 - 5*r - 3. Let o be a(-3). Let x(m) = m**3 + 2*m - 4. Let p be x(o). Let l = -21 + p. What is the highest common divisor of l and 72?
8
Let p(i) = i**2 - 4*i - 6. Let x be p(7). Let t = -3 + 33. What is the highest common divisor of t and x?
15
Let y = 411 + -604. Let k = -78 - y. Let g = k - 70. Calculate the highest common factor of g and 9.
9
Let d be (-5)/10*(-4 + 2). Calculate the highest common divisor of 4 and d.
1
Let c(o) = -o**3 + 5*o**2 + 6*o + 3. Let h be c(6). Suppose -h*q - 2*q = 95. Let v = 32 + q. What is the highest common factor of v and 13?
13
Let b = -16 - -30. Suppose -5*y + 6 = -5*c - 19, -4*y + c = -b. Let z(t) = t**3 - t**2 - 3*t - 4. Let v be z(y). What is the highest common divisor of v and 10?
5
Let l be (-2)/(0 + 3/(-6)). Let k(z) = -35*z + 1. Let i be k(-1). Calculate the highest common divisor of i and l.
4
Let c = 6 - 16. Let a be (-26)/c - (-12)/(-20). Let u be (-1 + a)/(5/330). What is the highest common divisor of u and 6?
6
Let x = -17 - -63. What is the highest common factor of x and 46?
46
Suppose -y + 20 = 2*x, 60 = 3*y - 0*x - 5*x. Suppose -4*c + 0*c = 4*q - y, q - 30 = 4*c. What is the highest common divisor of 5 and q?
5
Let b(k) = -6 + 3*k - k**2 - 3*k**2 - k**3 + 0*k**2. Let m be b(-5). Let w be (-1 - -1)/(-2) - -32. What is the greatest common factor of m and w?
4
Let l be (5/((-5)/(-4)))/(2/15). Calculate the highest common factor of l and 12.
6
Let p be (-1 + 0)*24/(-6). Suppose p*n = -a + 18, -10 - 16 = -3*a + 2*n. Calculate the highest common factor of 20 and a.
10
Let j = 13 - -5. Calculate the highest common divisor of j and 12.
6
Suppose -200 = -6*o + 2*o. What is the greatest common divisor of 25 and o?
25
Let b(z) = -2 - 6*z - 5*z - 10*z. Let i be b(-2). Suppose -2*o + 4*h = -48, 5*o - 10 = 4*h + 98. What is the greatest common factor of i and o?
20
Let h(p) = 47*p**2 + 1. Let v be 1 + 2/4*4. Suppose -v = s - 4. Let u be h(s). What is the highest common factor of 16 and u?
16
Let k be 1/(0 - (-1)/(-66)). Let w = k - -117. Calculate the greatest common divisor of 34 and w.
17
Suppose 0*f = -3*f + 48. Calculate the greatest common factor of f and 32.
16
Let l = -4 + 24. Suppose -7 = -2*u - 0*u + 3*r, 0 = r - 1. Calculate the greatest common factor of u and l.
5
Let c = 19 + 29. Suppose 2*f = -c + 152. Let u be (-11)/(-2*2/f). Calculate the greatest common divisor of 13 and u.
13
Let c(f) = 4*f**3 + f**2 + f - 1. Let y be c(1). Let n be y/2*(-28)/(-5). Calculate the greatest common factor of 7 and n.
7
Suppose 75 + 156 = 3*s. Suppose -6*u - 2*q + 74 = -2*u, s = 4*u + 3*q. Suppose -5*j - 3 = u, j + 40 = 3*x. Calculate the greatest common factor of 3 and x.
3
Let d(h) = 2*h - 2. Let c be d(4). Suppose 4*a = 3*g + 5, -4*g + 5 = -2*a - g. Let f be 20 - (a - (2 - -1)). Calculate the highest common divisor of f and c.
6
Suppose 2*o = o + 2. Suppose v + 4*v - 1145 = -4*a, o*a = -2*v + 570. Suppose 5*r = r + a. What is the greatest common factor of r and 10?
10
Suppose -y + 243 = 2*y. Let p = y + -43. Suppose -p = 2*v + d - 219, -3*v + 259 = -d. Calculate the highest common divisor of v and 11.
11
Let d = 8 + -11. Let c = d - -10. What is the highest common factor of c and 49?
7
Let o = -79 + 87. Calculate the highest common factor of 8 and o.
8
Let m = 62 - 53. Calculate the highest common factor of 27 and m.
9
Let m(s) = -s + 7. Let p be m(5). Suppose p*i - 14 = 6. What is the greatest common factor of i and 90?
10
Suppose c - 37 = 12. Suppose -5*w - o = -c, 3*w - 19 = o + o. Calculate the highest common factor of 45 and w.
9
Let z be 0 - (6/3 + -2). Suppose z*o - 4*g + 30 = 2*o, o + g = 17. Let h be o*11*2/2. Calculate the highest common divisor of 19 and h.
19
Suppose 3*i - 2*a = 114 + 100, -3*a = 3*i - 219. Calculate the highest common divisor of 27 and i.
9
Suppose -2*s - 3*b + 18 = -4*b, -3*s = b - 27. Calculate the highest common factor of s and 9.
9
Let f(y) = -17*y - 10. Let o(n) = 67*n + 39. Let l(z) = -9*f(z) - 2*o(z). Let d be l(6). Calculate the highest common factor of d and 14.
14
Suppose -4*z = -2*h - 3*h - 170, 2*h + 84 = 2*z. Calculate the highest common factor of z and 16.
8
Let p = -2 + 14. Suppose q - 2*i + 0*i - 5 = 0, -3*i + p = 5*q. Suppose 0*l = q*l - 39. What is the highest common factor of 39 and l?
13
Suppose 2*f + z - 29 = 0, f + 2*z - 10 = -3*z. What is the highest common divisor of f and 5?
5
Let l(u) = -u**3 - u**2 - 187. Let x be l(0). Let y = x - -312. Let d = -81 + y. Calculate the highest common divisor of d and 4.
4
Let o(p) = p**2 + 4*p + 4. Let w = -11 + 8. Let m be o(w). Calculate the highest common factor of 7 and m.
1
Let l(v) be the first derivative of -3*v**4/4 - 2*v**3/3 + v**2/2 - 2*v - 3. Let s be l(-2). What is the greatest common factor of 12 and s?
12
Suppose 2*c - 5*z = 26, 0*z + 2 = -z. Suppose c = r - 0*r. What is the greatest common divisor of r and 48?
8
Let r(x) = x**3 - 4*x**2 - x + 7. Let q be r(5). Suppose v = -0*v + q. Calculate the greatest common divisor of v and 9.
9
Let a be (-1)/(-4) + 287/4. Suppose -2*k = 2*k + 20, l + 18 = -4*k. Suppose -3 = l*r - 21. What is the greatest common factor of a and r?
9
Let h = -912 + 1552. Suppose 4*k + k - h = 0. Let p be -1 + 3/((-6)/(-34)). Calculate the greatest comm